a composite number?
False
Is 5847594829 a composite number?
True
Is 1738671041 prime?
True
Is 736331707 prime?
True
Is 43185078941 a prime number?
False
Is 1196178847 prime?
True
Is 339871001 a prime number?
False
Is 189506081 a prime number?
True
Is 1747549277 prime?
True
Is 184856539 prime?
False
Is 1461097291 a prime number?
False
Is 2334774007 a composite number?
True
Is 795168277 a prime number?
True
Is 5394936427 a composite number?
False
Is 819928119 prime?
False
Is 16754644649 a prime number?
True
Is 408945577 a composite number?
True
Is 1531056049 prime?
True
Is 1994907601 composite?
False
Is 50130274507 prime?
True
Is 124461639557 composite?
False
Is 4525828673 a composite number?
False
Is 367571449 composite?
True
Is 2888375687 composite?
True
Is 4336762219 composite?
False
Is 34036577921 prime?
False
Is 26616096641 prime?
False
Is 45553093 a composite number?
True
Is 20141287613 composite?
True
Is 14175273241 a prime number?
False
Is 1908224554 composite?
True
Is 14003222293 prime?
False
Is 9459484999 composite?
False
Is 151215708949 composite?
False
Is 27460138397 composite?
False
Is 414006791 prime?
False
Is 561946997 composite?
True
Is 619549537 a composite number?
True
Is 6344665427 prime?
False
Is 166059665071 composite?
True
Is 3465312707 prime?
False
Is 234202411 prime?
False
Is 109685675303 a prime number?
True
Is 2809902259 prime?
True
Is 15589045243 composite?
True
Is 17286737801 a composite number?
True
Is 69850129291 a composite number?
False
Is 553083763 prime?
False
Is 80367975217 prime?
True
Is 2429014871 a prime number?
True
Is 9262568171 a composite number?
False
Is 504962177 a prime number?
True
Is 477940087 a composite number?
False
Is 74024727173 prime?
True
Is 18675079285 prime?
False
Is 26633033897 composite?
False
Is 531499237 a prime number?
False
Is 5477260681 a composite number?
True
Is 152825864033 prime?
True
Is 663040901 a prime number?
False
Is 8415690403 composite?
False
Is 6809437457 a composite number?
False
Is 45187571071 composite?
True
Is 49861134907 a composite number?
False
Is 282930637 prime?
False
Is 3302317349 a composite number?
False
Is 813903071 composite?
True
Is 399716279 prime?
True
Is 250756951 composite?
True
Is 61847591893 composite?
False
Is 538961651 composite?
False
Is 212808649 composite?
True
Is 14342851213 composite?
False
Is 35785453697 a composite number?
True
Is 8178283933 composite?
False
Is 44087979427 prime?
False
Is 639260465 composite?
True
Is 58332548467 prime?
False
Is 1646662783 a prime number?
False
Is 29999241502 composite?
True
Is 28818734983 a prime number?
True
Is 950220721 a composite number?
False
Is 1753555687 a prime number?
False
Is 2033310299 a prime number?
True
Is 3401519729 a prime number?
True
Is 13437556651 prime?
True
Is 11698404847 a composite number?
True
Is 687086089 a composite number?
True
Is 47510731 prime?
True
Is 287193253 a composite number?
False
Is 19999464215 a composite number?
True
Is 4285789499 a composite number?
False
Is 8540067373 prime?
False
Is 25659297071 prime?
True
Is 2438833777 prime?
True
Is 1639575757 a composite number?
False
Is 1471337969 composite?
True
Is 4118619181 a composite number?
True
Is 23415757579 a prime number?
False
Is 1940858021 a composite number?
True
Is 67658471 a prime number?
True
Is 32593887847 composite?
True
Is 4590059665 a prime number?
False
Is 115861374119 a prime number?
True
Is 1624527793 a composite number?
True
Is 23748631997 composite?
False
Is 12823390493 composite?
False
Is 432514073 a composite number?
True
Is 25746766391 a prime number?
False
Is 1323206063 a prime number?
False
Is 1079489989 composite?
True
Is 2994495349 a composite number?
True
Is 51520850809 prime?
False
Is 6165108253 a composite number?
False
Is 3242042261 composite?
False
Is 22543766951 a prime number?
False
Is 64155640189 composite?
True
Is 18916598923 a prime number?
True
Is 140650513 a composite number?
True
Is 1643641043 composite?
True
Is 74718069289 composite?
True
Is 8113037879 prime?
True
Is 97239536119 composite?
True
Is 727706461 a prime number?
False
Is 392259149 a prime number?
False
Is 479140351 a prime number?
True
Is 28670089793 a composite number?
False
Is 598354853 a prime number?
False
Is 4976919491 composite?
True
Is 20094450853 composite?
False
Is 2248619171 a composite number?
False
Is 1550309021 prime?
True
Is 3673215613 composite?
False
Is 49336949561 a prime number?
True
Is 13917684379 composite?
True
Is 772435879 composite?
True
Is 65291709347 composite?
False
Is 714525815 a prime number?
False
Is 1626343067 prime?
True
Is 76969901 composite?
True
Is 421877861 composite?
False
Is 76419044927 prime?
True
Is 747161413 prime?
True
Is 157555060399 a prime number?
False
Is 161395382509 composite?
False
Is 9967362103 prime?
True
Is 3639930323 a composite number?
True
Is 38086669997 prime?
True
Is 137992321 composite?
False
Is 547274033 a composite number?
False
Is 1407380617 a composite number?
False
Is 83454383077 prime?
False
Is 93990389987 composite?
True
Is 7692544337 a composite number?
True
Is 505918663 prime?
True
Is 120794168609 composite?
True
Is 37210449989 composite?
True
Is 216993757 prime?
False
Is 5818462739 composite?
True
Is 1238221763 prime?
True
Is 11535484283 prime?
False
Is 3259032851 composite?
False
Is 9236867 a prime number?
True
Is 356795291 prime?
True
Is 1310854657 a composite number?
True
Is 191292901 a prime number?
False
Is 104965591 prime?
True
Is 9213981559 a composite number?
False
Is 203875927 a composite number?
True
Is 2552595047 composite?
False
Is 2490002201 a prime number?
False
Is 1697651101 a prime number?
True
Is 12507840383 a prime number?
True
Is 4826738963 a prime number?
False
Is 1569568873 prime?
True
Is 1318429267 a prime number?
True
Is 1548395011 a composite number?
False
Is 712752017 a prime number?
True
Is 525362329 prime?
True
Is 2363173601 composite?
True
Is 3069949007 composite?
False
Is 16172432693 a composite number?
False
Is 1629506927 prime?
True
Is 329987551 prime?
True
Is 4000690339 a composite number?
True
Is 1024943443 a composite number?
True
Is 164422883 a prime number?
False
Is 886189387 a prime number?
False
Is 127048087333 composite?
False
Is 121154277767 a prime number?
True
Is 111897671 composite?
False
Is 28841616641 a prime number?
True
Is 2414930251 a prime number?
True
Is 75198806183 composite?
True
Is 2998914211 composite?
True
Is 3120885121 prime?
True
Is 738170743 composite?
True
Is 150808039 a composite number?
False
Is 14493250183 a prime number?
False
Is 1440198502 a prime number?
False
Is 43001483909 a prime number?
False
Is 361280089 composite?
True
Is 32701726319 prime?
True
Is 61258705159 composite?
False
Is 40214449381 prime?
True
Is 668930447 prime?
False
Is 71034912251 a prime number?
False
Is 347812169 a prime number?
True
Is 477544819 a composite number?
True
Is 14204563943 a prime number?
False
Is 13820472857 a prime number?
True
Is 18562650851 prime?
True
Is 3753697237 prime?
True
Is 300891938357 composite?
True
Is 9716401423 a prime number?
True
Is 9567898189 composite?
True
Is 5443354211 prime?
True
Is 340963321 a composite number?
True
Is 28158322331 a prime number?
True
Is 1823546957 a composite number?
False
Is 68865001253 composite?
False
Is 14618921677 composite?
True
Is 18221422993 a composite number?
False
Is 2931849007 a prime number?
False
Is 26561210237 prime?
True
Is 8549026127 a prime number?
True
Is 1474616489 prime?
False
Is 242227481 a composite number?
True
Is 5045605683 composite?
True
Is 398453861 a prime number?
False
Is 992753561 prime?
False
Is 6833500277 a composite number?
True
Is 73251575261 a composite number?
False
Is 10230654979 prime?
True
Is 479970263 composite?
False
Is 10231851181 a composite number?
False
Is 11907683 a composite number?
False
Is 381339583 a composite number?
False
Is 1396487795 prime?
False
Is 16086691637 composite?
False
Is 239023313 a composite number?
False
Is 159111283897 a prime number?
True
Is 662374681 a prime number?
True
Is 6197308114 prime?
False
Is 1067983043 prime?
True
Is 140865766763 a composite number?
False
Is 912780721 a composite number?
True
Is 7300120871 a composite number?
False
Is 6387699139 composite?
True
Is 792975409 prime?
True
Is